{"id":8,"date":"2024-10-27T02:37:32","date_gmt":"2024-10-27T02:37:32","guid":{"rendered":"http:\/\/nguyenquythanh.com.vn\/?page_id=8"},"modified":"2024-10-28T04:48:13","modified_gmt":"2024-10-28T04:48:13","slug":"toi-rat-vui-vi-ban-da-co-mat-o-day","status":"publish","type":"page","link":"https:\/\/nguyenquythanh.com.vn\/","title":{"rendered":"T\u00f4i r\u1ea5t vui v\u00ec b\u1ea1n \u0111\u00e3 c\u00f3 m\u1eb7t \u1edf \u0111\u00e2y"},"content":{"rendered":"\n<p class=\"has-text-align-center\"><strong>Tr\u01b0\u1edbc ti\u00ean t\u00f4i mu\u1ed1n chia s\u1ebb m\u1ed9t v\u00e0i th\u00f4ng tin m\u00e0 b\u1ec7nh nh\u00e2n T A I &#8211; B I \u1ebe N n\u00ean l\u01b0u \u00fd.<\/strong><\/p>\n\n\n\n<ol class=\"wp-block-list\">\n<li>H\u00e3y gi\u1eef m\u1ed9t tinh th\u1ea7n l\u1ea1c quan, y\u00eau \u0111\u1eddi.<\/li>\n\n\n\n<li>H\u00e3y t\u0103ng c\u01b0\u1eddng th\u1ec3 d\u1ee5c, th\u1ec3 thao. <em>(Luy\u1ec7n t\u1eadp nh\u1eb9 nh\u00e0ng)<\/em><\/li>\n\n\n\n<li>Ch\u1ebf \u0111\u1ed9 \u0103n u\u1ed1ng th\u1eadt l\u00e0nh m\u1ea1nh.<\/li>\n\n\n\n<li>Kh\u00f4ng l\u00e0m vi\u1ec7c qu\u00e1 s\u1ee9c.<\/li>\n\n\n\n<li>Ng\u1ee7 ngh\u0129 \u0111\u00fang gi\u1edd. <em>(R\u1ea5t quan tr\u1ecdng)<\/em><\/li>\n<\/ol>\n\n\n\n<p><\/p>\n\n\n\n<p><em>Ch\u1edd m\u1ed9t v\u00e0i gi\u00e2y, T\u00f4i \u0111ang g\u1eedi \u0111\u1ebfn b\u1ea1n th\u00f4ng tin h\u1eefu \u00edch h\u01a1n n\u1eefa&#8230;<\/em><\/p>\n\n\n<div class=\"wp-block-image is-style-rounded\">\n<figure class=\"aligncenter size-full is-resized\"><img loading=\"lazy\" decoding=\"async\" width=\"498\" height=\"498\" src=\"http:\/\/nguyenquythanh.com.vn\/wp-content\/uploads\/2024\/10\/icon-load.gif\" alt=\"\" class=\"wp-image-18\" style=\"width:110px;height:auto\"\/><\/figure>\n<\/div>","protected":false},"excerpt":{"rendered":"<p>Tr\u01b0\u1edbc ti\u00ean t\u00f4i mu\u1ed1n chia s\u1ebb m\u1ed9t v\u00e0i th\u00f4ng tin m\u00e0 b\u1ec7nh nh\u00e2n T A I &#8211; B I \u1ebe N n\u00ean l\u01b0u \u00fd. Ch\u1edd m\u1ed9t v\u00e0i gi\u00e2y, T\u00f4i \u0111ang g\u1eedi \u0111\u1ebfn b\u1ea1n th\u00f4ng tin h\u1eefu \u00edch h\u01a1n n\u1eefa&#8230;<\/p>\n","protected":false},"author":1,"featured_media":0,"parent":0,"menu_order":0,"comment_status":"closed","ping_status":"closed","template":"","meta":{"footnotes":""},"class_list":["post-8","page","type-page","status-publish","hentry"],"_links":{"self":[{"href":"https:\/\/nguyenquythanh.com.vn\/index.php\/wp-json\/wp\/v2\/pages\/8","targetHints":{"allow":["GET"]}}],"collection":[{"href":"https:\/\/nguyenquythanh.com.vn\/index.php\/wp-json\/wp\/v2\/pages"}],"about":[{"href":"https:\/\/nguyenquythanh.com.vn\/index.php\/wp-json\/wp\/v2\/types\/page"}],"author":[{"embeddable":true,"href":"https:\/\/nguyenquythanh.com.vn\/index.php\/wp-json\/wp\/v2\/users\/1"}],"replies":[{"embeddable":true,"href":"https:\/\/nguyenquythanh.com.vn\/index.php\/wp-json\/wp\/v2\/comments?post=8"}],"version-history":[{"count":7,"href":"https:\/\/nguyenquythanh.com.vn\/index.php\/wp-json\/wp\/v2\/pages\/8\/revisions"}],"predecessor-version":[{"id":23,"href":"https:\/\/nguyenquythanh.com.vn\/index.php\/wp-json\/wp\/v2\/pages\/8\/revisions\/23"}],"wp:attachment":[{"href":"https:\/\/nguyenquythanh.com.vn\/index.php\/wp-json\/wp\/v2\/media?parent=8"}],"curies":[{"name":"wp","href":"https:\/\/api.w.org\/{rel}","templated":true}]}}